{"id":452,"date":"2022-03-03T04:49:17","date_gmt":"2022-03-03T04:49:17","guid":{"rendered":"https:\/\/centropsicopedagogicoemanuel.com\/index.php\/about\/"},"modified":"2025-08-06T23:06:03","modified_gmt":"2025-08-06T21:06:03","slug":"about","status":"publish","type":"page","link":"https:\/\/centropsicopedagogicoemanuel.com\/index.php\/about\/","title":{"rendered":"Misi\u00f3n y Visi\u00f3n"},"content":{"rendered":"\t\t<div data-elementor-type=\"wp-page\" data-elementor-id=\"452\" class=\"elementor elementor-452\">\n\t\t\t\t\t\t<section class=\"elementor-section elementor-top-section elementor-element elementor-element-16d1e3d animated-slow elementor-section-content-middle elementor-section-boxed elementor-section-height-default elementor-section-height-default elementor-invisible\" data-id=\"16d1e3d\" data-element_type=\"section\" data-settings=\"{&quot;background_background&quot;:&quot;slideshow&quot;,&quot;background_slideshow_gallery&quot;:[{&quot;id&quot;:2605,&quot;url&quot;:&quot;https:\\\/\\\/centropsicopedagogicoemanuel.com\\\/wp-content\\\/uploads\\\/2024\\\/04\\\/Diseno-sin-titulo-34-1.png&quot;}],&quot;animation&quot;:&quot;fadeIn&quot;,&quot;background_slideshow_loop&quot;:&quot;yes&quot;,&quot;background_slideshow_slide_duration&quot;:5000,&quot;background_slideshow_slide_transition&quot;:&quot;fade&quot;,&quot;background_slideshow_transition_duration&quot;:500}\">\n\t\t\t\t\t\t<div class=\"elementor-container elementor-column-gap-default\">\n\t\t\t\t\t<div class=\"elementor-column elementor-col-100 elementor-top-column elementor-element elementor-element-090e8c2 elementor-invisible\" data-id=\"090e8c2\" data-element_type=\"column\" data-settings=\"{&quot;animation&quot;:&quot;fadeIn&quot;,&quot;animation_delay&quot;:200}\">\n\t\t\t<div class=\"elementor-widget-wrap elementor-element-populated\">\n\t\t\t\t\t\t<section class=\"elementor-section elementor-inner-section elementor-element elementor-element-68c9e5b elementor-section-content-middle elementor-section-boxed elementor-section-height-default elementor-section-height-default\" data-id=\"68c9e5b\" data-element_type=\"section\">\n\t\t\t\t\t\t<div class=\"elementor-container elementor-column-gap-no\">\n\t\t\t\t\t<div class=\"elementor-column elementor-col-50 elementor-inner-column elementor-element elementor-element-e034dd2\" data-id=\"e034dd2\" data-element_type=\"column\">\n\t\t\t<div class=\"elementor-widget-wrap elementor-element-populated\">\n\t\t\t\t\t\t<div class=\"elementor-element elementor-element-b30c5b0 elementor-widget-mobile__width-auto elementor-invisible elementor-widget elementor-widget-image\" data-id=\"b30c5b0\" data-element_type=\"widget\" data-settings=\"{&quot;_animation&quot;:&quot;fadeIn&quot;}\" data-widget_type=\"image.default\">\n\t\t\t\t<div class=\"elementor-widget-container\">\n\t\t\t\t\t\t\t\t\t\t\t\t\t\t\t<img decoding=\"async\" src=\"https:\/\/centropsicopedagogicoemanuel.com\/wp-content\/uploads\/elementor\/thumbs\/Diseno-sin-titulo-34-qmj9i0r8jh9xvjl1n35kh067fvwn77qyn9tprut1rk.png\" title=\"Dise\u00f1o sin t\u00edtulo (34)\" alt=\"Dise\u00f1o sin t\u00edtulo (34)\" loading=\"lazy\" \/>\t\t\t\t\t\t\t\t\t\t\t\t\t\t\t<\/div>\n\t\t\t\t<\/div>\n\t\t\t\t\t<\/div>\n\t\t<\/div>\n\t\t\t\t<div class=\"elementor-column elementor-col-50 elementor-inner-column elementor-element elementor-element-f54db97\" data-id=\"f54db97\" data-element_type=\"column\">\n\t\t\t<div class=\"elementor-widget-wrap elementor-element-populated\">\n\t\t\t\t\t\t<div class=\"elementor-element elementor-element-b5a5cf7 elementor-widget elementor-widget-heading\" data-id=\"b5a5cf7\" data-element_type=\"widget\" data-widget_type=\"heading.default\">\n\t\t\t\t<div class=\"elementor-widget-container\">\n\t\t\t\t\t<h3 class=\"elementor-heading-title elementor-size-default\">Misi\u00f3n<\/h3>\t\t\t\t<\/div>\n\t\t\t\t<\/div>\n\t\t\t\t<div class=\"elementor-element elementor-element-b2f04de elementor-widget elementor-widget-text-editor\" data-id=\"b2f04de\" data-element_type=\"widget\" data-widget_type=\"text-editor.default\">\n\t\t\t\t<div class=\"elementor-widget-container\">\n\t\t\t\t\t\t\t\t\t<p>Desarrollar una formaci\u00f3n integral, con educaci\u00f3n de calidad a trav\u00e9s de pr\u00e1cticas educativas innovadoras, que permitan un aprendizaje significativo en la ni\u00f1ez conjugando el \u00e1rea cognitiva, social, psicomotora,\u00a0f\u00edsica y afectiva en su etapa de educaci\u00f3n inicial, implementando un modelo de educaci\u00f3n inclusiva, que facilite atender las necesidades de aprendizaje de las ni\u00f1as y ni\u00f1os.<\/p>\t\t\t\t\t\t\t\t<\/div>\n\t\t\t\t<\/div>\n\t\t\t\t\t<\/div>\n\t\t<\/div>\n\t\t\t\t\t<\/div>\n\t\t<\/section>\n\t\t\t\t<section class=\"elementor-section elementor-inner-section elementor-element elementor-element-486a3b8 elementor-section-content-middle elementor-section-boxed elementor-section-height-default elementor-section-height-default\" data-id=\"486a3b8\" data-element_type=\"section\">\n\t\t\t\t\t\t<div class=\"elementor-container elementor-column-gap-no\">\n\t\t\t\t\t<div class=\"elementor-column elementor-col-50 elementor-inner-column elementor-element elementor-element-82d401c\" data-id=\"82d401c\" data-element_type=\"column\">\n\t\t\t<div class=\"elementor-widget-wrap elementor-element-populated\">\n\t\t\t\t\t\t<div class=\"elementor-element elementor-element-13bc15b elementor-widget-mobile__width-auto elementor-invisible elementor-widget elementor-widget-image\" data-id=\"13bc15b\" data-element_type=\"widget\" data-settings=\"{&quot;_animation&quot;:&quot;fadeIn&quot;}\" data-widget_type=\"image.default\">\n\t\t\t\t<div class=\"elementor-widget-container\">\n\t\t\t\t\t\t\t\t\t\t\t\t\t\t\t<img decoding=\"async\" src=\"https:\/\/centropsicopedagogicoemanuel.com\/wp-content\/uploads\/elementor\/thumbs\/Diseno-sin-titulo-35-qmjahw9hdudwzrh25leymy9jnb2yzc65ku6v61m4a8.png\" title=\"Dise\u00f1o sin t\u00edtulo (35)\" alt=\"Dise\u00f1o sin t\u00edtulo (35)\" loading=\"lazy\" \/>\t\t\t\t\t\t\t\t\t\t\t\t\t\t\t<\/div>\n\t\t\t\t<\/div>\n\t\t\t\t\t<\/div>\n\t\t<\/div>\n\t\t\t\t<div class=\"elementor-column elementor-col-50 elementor-inner-column elementor-element elementor-element-3da0cf5\" data-id=\"3da0cf5\" data-element_type=\"column\">\n\t\t\t<div class=\"elementor-widget-wrap elementor-element-populated\">\n\t\t\t\t\t\t<div class=\"elementor-element elementor-element-f4a7f7b elementor-widget elementor-widget-heading\" data-id=\"f4a7f7b\" data-element_type=\"widget\" data-widget_type=\"heading.default\">\n\t\t\t\t<div class=\"elementor-widget-container\">\n\t\t\t\t\t<h3 class=\"elementor-heading-title elementor-size-default\">Visi\u00f3n<\/h3>\t\t\t\t<\/div>\n\t\t\t\t<\/div>\n\t\t\t\t<div class=\"elementor-element elementor-element-340a1ff elementor-widget elementor-widget-text-editor\" data-id=\"340a1ff\" data-element_type=\"widget\" data-widget_type=\"text-editor.default\">\n\t\t\t\t<div class=\"elementor-widget-container\">\n\t\t\t\t\t\t\t\t\t<p>Ser una instituci\u00f3n l\u00edder en educaci\u00f3n\u00a0 con enfoque inclusivo, comprometida en la formaci\u00f3n integral de la ni\u00f1ez, formando seres humanos aut\u00f3nomos y constructores de su propio conocimiento con aptitudes y competencias para la vida<\/p>\t\t\t\t\t\t\t\t<\/div>\n\t\t\t\t<\/div>\n\t\t\t\t\t<\/div>\n\t\t<\/div>\n\t\t\t\t\t<\/div>\n\t\t<\/section>\n\t\t\t\t<div class=\"elementor-element elementor-element-0286cda elementor-widget__width-initial elementor-widget elementor-widget-heading\" data-id=\"0286cda\" data-element_type=\"widget\" data-widget_type=\"heading.default\">\n\t\t\t\t<div class=\"elementor-widget-container\">\n\t\t\t\t\t<h4 class=\"elementor-heading-title elementor-size-default\">\n\n<\/h4>\t\t\t\t<\/div>\n\t\t\t\t<\/div>\n\t\t\t\t\t<\/div>\n\t\t<\/div>\n\t\t\t\t\t<\/div>\n\t\t<\/section>\n\t\t\t\t<section class=\"elementor-section elementor-top-section elementor-element elementor-element-97c3e06 elementor-section-content-top elementor-section-boxed elementor-section-height-default elementor-section-height-default elementor-invisible\" data-id=\"97c3e06\" data-element_type=\"section\" data-settings=\"{&quot;animation&quot;:&quot;fadeInDown&quot;,&quot;background_background&quot;:&quot;classic&quot;}\">\n\t\t\t\t\t\t<div class=\"elementor-container elementor-column-gap-no\">\n\t\t\t\t\t<div class=\"elementor-column elementor-col-50 elementor-top-column elementor-element elementor-element-7ac99c6\" data-id=\"7ac99c6\" data-element_type=\"column\">\n\t\t\t<div class=\"elementor-widget-wrap elementor-element-populated\">\n\t\t\t\t\t\t<div class=\"elementor-element elementor-element-d022457 elementor-invisible elementor-widget elementor-widget-image\" data-id=\"d022457\" data-element_type=\"widget\" data-settings=\"{&quot;_animation&quot;:&quot;slideInRight&quot;}\" data-widget_type=\"image.default\">\n\t\t\t\t<div class=\"elementor-widget-container\">\n\t\t\t\t\t\t\t\t\t\t\t\t\t\t\t<img fetchpriority=\"high\" decoding=\"async\" width=\"200\" height=\"300\" src=\"https:\/\/centropsicopedagogicoemanuel.com\/wp-content\/uploads\/2023\/11\/Docente1-200x300.jpg\" class=\"attachment-medium size-medium wp-image-1637\" alt=\"\" srcset=\"https:\/\/centropsicopedagogicoemanuel.com\/wp-content\/uploads\/2023\/11\/Docente1-200x300.jpg 200w, https:\/\/centropsicopedagogicoemanuel.com\/wp-content\/uploads\/2023\/11\/Docente1-682x1024.jpg 682w, https:\/\/centropsicopedagogicoemanuel.com\/wp-content\/uploads\/2023\/11\/Docente1-768x1153.jpg 768w, https:\/\/centropsicopedagogicoemanuel.com\/wp-content\/uploads\/2023\/11\/Docente1-1023x1536.jpg 1023w, https:\/\/centropsicopedagogicoemanuel.com\/wp-content\/uploads\/2023\/11\/Docente1.jpg 1066w\" sizes=\"(max-width: 200px) 100vw, 200px\" \/>\t\t\t\t\t\t\t\t\t\t\t\t\t\t\t<\/div>\n\t\t\t\t<\/div>\n\t\t<div class=\"elementor-element elementor-element-bf18397 e-flex e-con-boxed e-con e-parent\" data-id=\"bf18397\" data-element_type=\"container\">\n\t\t\t\t\t<div class=\"e-con-inner\">\n\t\t\t\t<div class=\"elementor-element elementor-element-9d8b7b2 elementor-widget elementor-widget-text-editor\" data-id=\"9d8b7b2\" data-element_type=\"widget\" data-widget_type=\"text-editor.default\">\n\t\t\t\t<div class=\"elementor-widget-container\">\n\t\t\t\t\t\t\t\t\t<p>Les invito a ser parte activa de la educaci\u00f3n de sus hijos, a involucrarse en su proceso de aprendizaje y a mantener una comunicaci\u00f3n constante con nosotros. Juntos podemos trabajar para lograr que sus hijos alcancen su m\u00e1ximo potencial. Agradezco su confianza en nuestro centro de estudios.\u00a0<\/p><p>MSc. Naika Obando &#8211; Directora<\/p>\t\t\t\t\t\t\t\t<\/div>\n\t\t\t\t<\/div>\n\t\t\t\t\t<\/div>\n\t\t\t\t<\/div>\n\t\t\t\t\t<\/div>\n\t\t<\/div>\n\t\t\t\t<div class=\"elementor-column elementor-col-50 elementor-top-column elementor-element elementor-element-14ba3cc\" data-id=\"14ba3cc\" data-element_type=\"column\">\n\t\t\t<div class=\"elementor-widget-wrap elementor-element-populated\">\n\t\t\t\t\t\t<div class=\"elementor-element elementor-element-e9c6a3b elementor-widget__width-initial elementor-widget elementor-widget-text-editor\" data-id=\"e9c6a3b\" data-element_type=\"widget\" data-widget_type=\"text-editor.default\">\n\t\t\t\t<div class=\"elementor-widget-container\">\n\t\t\t\t\t\t\t\t\t<h4><a name=\"_Toc106358725\"><\/a><strong>Principios<\/strong><\/h4><ul><li>Servicio<\/li><li>Integridad<\/li><li>Igualdad<\/li><li>Autonom\u00eda<\/li><li>Inclusi\u00f3n<\/li><li>Integraci\u00f3n<\/li><li>Compromiso<\/li><\/ul><h4><a name=\"_Toc106358726\"><\/a><strong>Valores<\/strong><\/h4><ul><li>Amor<\/li><li>Gratitud<\/li><li>Respeto<\/li><li>Responsabilidad<\/li><li>Honestidad<\/li><li>Perseverancia<\/li><li>Dedicaci\u00f3n<\/li><li>Trabajo en Equipo<\/li><li>Compa\u00f1erismo<\/li><\/ul>\t\t\t\t\t\t\t\t<\/div>\n\t\t\t\t<\/div>\n\t\t\t\t\t<\/div>\n\t\t<\/div>\n\t\t\t\t\t<\/div>\n\t\t<\/section>\n\t\t\t\t<section class=\"elementor-section elementor-top-section elementor-element elementor-element-d3589bd elementor-section-boxed elementor-section-height-default elementor-section-height-default\" data-id=\"d3589bd\" data-element_type=\"section\" data-settings=\"{&quot;background_background&quot;:&quot;classic&quot;}\">\n\t\t\t\t\t\t<div class=\"elementor-container elementor-column-gap-no\">\n\t\t\t\t\t<div class=\"elementor-column elementor-col-100 elementor-top-column elementor-element elementor-element-2c13202\" data-id=\"2c13202\" data-element_type=\"column\">\n\t\t\t<div class=\"elementor-widget-wrap elementor-element-populated\">\n\t\t\t\t\t\t<div class=\"elementor-element elementor-element-b9e0b28 elementor-widget elementor-widget-heading\" data-id=\"b9e0b28\" data-element_type=\"widget\" data-widget_type=\"heading.default\">\n\t\t\t\t<div class=\"elementor-widget-container\">\n\t\t\t\t\t<h1 class=\"elementor-heading-title elementor-size-default\">\"Educar para Integrar\"<\/h1>\t\t\t\t<\/div>\n\t\t\t\t<\/div>\n\t\t\t\t<div class=\"elementor-element elementor-element-b8689e5 elementor-widget elementor-widget-heading\" data-id=\"b8689e5\" data-element_type=\"widget\" data-widget_type=\"heading.default\">\n\t\t\t\t<div class=\"elementor-widget-container\">\n\t\t\t\t\t<p class=\"elementor-heading-title elementor-size-default\">\"Educar para integrar\" es nuestro lema y \n nos referimos a una educaci\u00f3n que vaya m\u00e1s all\u00e1 de transmitir conocimientos, adem\u00e1s, buscamos formar ni\u00f1os que puedan participar activa y armoniosamente en una sociedad diversa, contribuyendo a la construcci\u00f3n de comunidades inclusivas y respetuosas.<\/p>\t\t\t\t<\/div>\n\t\t\t\t<\/div>\n\t\t\t\t<div class=\"elementor-element elementor-element-0c2bc01 elementor-align-center elementor-button-info elementor-widget elementor-widget-button\" data-id=\"0c2bc01\" data-element_type=\"widget\" data-widget_type=\"button.default\">\n\t\t\t\t<div class=\"elementor-widget-container\">\n\t\t\t\t\t\t\t\t\t<div class=\"elementor-button-wrapper\">\n\t\t\t\t\t<a class=\"elementor-button elementor-size-sm\" role=\"button\">\n\t\t\t\t\t\t<span class=\"elementor-button-content-wrapper\">\n\t\t\t\t\t\t<span class=\"elementor-button-icon\">\n\t\t\t\t<i aria-hidden=\"true\" class=\"fas fa-school\"><\/i>\t\t\t<\/span>\n\t\t\t\t\t\t\t\t<\/span>\n\t\t\t\t\t<\/a>\n\t\t\t\t<\/div>\n\t\t\t\t\t\t\t\t<\/div>\n\t\t\t\t<\/div>\n\t\t\t\t\t<\/div>\n\t\t<\/div>\n\t\t\t\t\t<\/div>\n\t\t<\/section>\n\t\t<div class=\"elementor-element elementor-element-35ac6c8 e-flex e-con-boxed e-con e-parent\" data-id=\"35ac6c8\" data-element_type=\"container\">\n\t\t\t\t\t<div class=\"e-con-inner\">\n\t\t\t\t<div class=\"elementor-element elementor-element-95ea541 elementor-widget elementor-widget-sina_facebook_feed\" data-id=\"95ea541\" data-element_type=\"widget\" data-widget_type=\"sina_facebook_feed.default\">\n\t\t\t\t<div class=\"elementor-widget-container\">\n\t\t\t\t\t\t\t\t<div class=\"sina-social-feed sina-facebook-feed clearfix sina-fb-feed-95ea541\">\r\n\t\t\t\t<div class=\"sina-feed-grid\">\r\n\t\t\t\t\t<div class=\"sina-fb-feed-grid-sizer\"><\/div>\r\n\t\t\t\t\t\t\t\t\t<\/div>\r\n\t\t\t<\/div><!-- .sina-facebook-feed -->\r\n\t\t\t\t\t\t\t<\/div>\n\t\t\t\t<\/div>\n\t\t\t\t\t<\/div>\n\t\t\t\t<\/div>\n\t\t\t\t<\/div>\n\t\t","protected":false},"excerpt":{"rendered":"<p>Misi\u00f3n Desarrollar una formaci\u00f3n integral, con educaci\u00f3n de calidad a trav\u00e9s de pr\u00e1cticas educativas innovadoras, que permitan un aprendizaje significativo en la ni\u00f1ez conjugando el \u00e1rea cognitiva, social, psicomotora,\u00a0f\u00edsica y afectiva en su etapa de educaci\u00f3n inicial, implementando un modelo de educaci\u00f3n inclusiva, que facilite atender las necesidades de aprendizaje de las ni\u00f1as y ni\u00f1os. &hellip;<\/p>\n<p class=\"read-more\"> <a class=\"\" href=\"https:\/\/centropsicopedagogicoemanuel.com\/index.php\/about\/\"> <span class=\"screen-reader-text\">Misi\u00f3n y Visi\u00f3n<\/span> Read More &raquo;<\/a><\/p>\n","protected":false},"author":1,"featured_media":0,"parent":0,"menu_order":0,"comment_status":"closed","ping_status":"closed","template":"elementor_theme","meta":{"site-sidebar-layout":"no-sidebar","site-content-layout":"page-builder","ast-site-content-layout":"full-width-container","site-content-style":"boxed","site-sidebar-style":"unboxed","ast-global-header-display":"","ast-banner-title-visibility":"","ast-main-header-display":"","ast-hfb-above-header-display":"","ast-hfb-below-header-display":"","ast-hfb-mobile-header-display":"","site-post-title":"disabled","ast-breadcrumbs-content":"","ast-featured-img":"disabled","footer-sml-layout":"","theme-transparent-header-meta":"enabled","adv-header-id-meta":"","stick-header-meta":"","header-above-stick-meta":"","header-main-stick-meta":"","header-below-stick-meta":"","astra-migrate-meta-layouts":"set","footnotes":""},"_links":{"self":[{"href":"https:\/\/centropsicopedagogicoemanuel.com\/index.php\/wp-json\/wp\/v2\/pages\/452"}],"collection":[{"href":"https:\/\/centropsicopedagogicoemanuel.com\/index.php\/wp-json\/wp\/v2\/pages"}],"about":[{"href":"https:\/\/centropsicopedagogicoemanuel.com\/index.php\/wp-json\/wp\/v2\/types\/page"}],"author":[{"embeddable":true,"href":"https:\/\/centropsicopedagogicoemanuel.com\/index.php\/wp-json\/wp\/v2\/users\/1"}],"replies":[{"embeddable":true,"href":"https:\/\/centropsicopedagogicoemanuel.com\/index.php\/wp-json\/wp\/v2\/comments?post=452"}],"version-history":[{"count":310,"href":"https:\/\/centropsicopedagogicoemanuel.com\/index.php\/wp-json\/wp\/v2\/pages\/452\/revisions"}],"predecessor-version":[{"id":3211,"href":"https:\/\/centropsicopedagogicoemanuel.com\/index.php\/wp-json\/wp\/v2\/pages\/452\/revisions\/3211"}],"wp:attachment":[{"href":"https:\/\/centropsicopedagogicoemanuel.com\/index.php\/wp-json\/wp\/v2\/media?parent=452"}],"curies":[{"name":"wp","href":"https:\/\/api.w.org\/{rel}","templated":true}]}}